
1
What is the units digit of 2223?
3
What is the tens digit of 10046?
4
What is the units digit of 1137?
7
What is the thousands digit of 63697?
3
What is the tens digit of 18862?
6
What is the tens digit of 22176?
7
What is the ten thousands digit of 98952?
9
What is the hundreds digit of 11421?
4
What is the tens digit of 246?
4
What is the hundreds digit of 96153?
1
What is the tens digit of 2558?
5
What is the hundreds digit of 18667?
6
What is the ten thousands digit of 158741?
5
What is the hundreds digit of 322?
3
What is the hundreds digit of 14591?
5
What is the units digit of 19997?
7
What is the hundreds digit of 648?
6
What is the ten thousands digit of 18776?
1
What is the tens digit of 5920?
2
What is the thousands digit of 37667?
7
What is the ten thousands digit of 53373?
5
What is the hundreds digit of 364?
3
What is the ten thousands digit of 18526?
1
What is the thousands digit of 10335?
0
What is the hundreds digit of 12736?
7
What is the ten thousands digit of 91263?
9
What is the tens digit of 3102?
0
What is the thousands digit of 13143?
3
What is the thousands digit of 39775?
9
What is the tens digit of 408?
0
What is the units digit of 1390?
0
What is the ten thousands digit of 44723?
4
What is the tens digit of 1085?
8
What is the hundreds digit of 10025?
0
What is the hundreds digit of 19693?
6
What is the thousands digit of 7318?
7
What is the units digit of 3112?
2
What is the hundreds digit of 1660?
6
What is the thousands digit of 5441?
5
What is the thousands digit of 3194?
3
What is the ten thousands digit of 51089?
5
What is the units digit of 15258?
8
What is the tens digit of 3480?
8
What is the units digit of 3450?
0
What is the hundreds digit of 33937?
9
What is the hundreds digit of 77742?
7
What is the units digit of 36018?
8
What is the tens digit of 907?
0
What is the hundreds digit of 184?
1
What is the hundreds digit of 1436?
4
What is the tens digit of 4474?
7
What is the units digit of 24759?
9
What is the hundreds digit of 299?
2
What is the units digit of 6386?
6
What is the thousands digit of 59044?
9
What is the units digit of 27274?
4
What is the units digit of 40530?
0
What is the tens digit of 7092?
9
What is the hundreds digit of 21846?
8
What is the units digit of 317?
7
What is the ten thousands digit of 33355?
3
What is the units digit of 78103?
3
What is the units digit of 10114?
4
What is the units digit of 4176?
6
What is the hundreds digit of 581?
5
What is the thousands digit of 15216?
5
What is the hundreds digit of 22423?
4
What is the tens digit of 228?
2
What is the tens digit of 810?
1
What is the thousands digit of 2528?
2
What is the hundreds digit of 52300?
3
What is the hundreds digit of 3683?
6
What is the hundreds digit of 640?
6
What is the units digit of 79664?
4
What is the tens digit of 241?
4
What is the units digit of 54117?
7
What is the hundred thousands digit of 102763?
1
What is the tens digit of 3276?
7
What is the hundreds digit of 911?
9
What is the hundreds digit of 919?
9
What is the ten thousands digit of 63411?
6
What is the units digit of 1667?
7
What is the tens digit of 14841?
4
What is the hundreds digit of 35198?
1
What is the hundreds digit of 1456?
4
What is the units digit of 7430?
0
What is the units digit of 67229?
9
What is the thousands digit of 4491?
4
What is the hundreds digit of 1953?
9
What is the tens digit of 395?
9
What is the tens digit of 1107?
0
What is the tens digit of 25546?
4
What is the thousands digit of 11742?
1
What is the thousands digit of 8394?
8
What is the units digit of 5885?
5
What is the hundreds digit of 7446?
4
What is the ten thousands digit of 55950?
5
What is the tens digit of 104811?
1
What is the thousands digit of 1502?
1
What is the tens digit of 295?
9
What is the hundreds digit of 979?
9
What is the tens digit of 7870?
7
What is the thousands digit of 1914?
1
What is the tens digit of 28935?
3
What is the tens digit of 109376?
7
What is the units digit of 968?
8
What is the units digit of 94?
4
What is the units digit of 6829?
9
What is the tens digit of 18860?
6
What is the units digit of 1999?
9
What is the hundreds digit of 3956?
9
What is the hundreds digit of 15708?
7
What is the tens digit of 2346?
4
What is the hundreds digit of 4519?
5
What is the hundreds digit of 146473?
4
What is the thousands digit of 2994?
2
What is the tens digit of 9550?
5
What is the tens digit of 95068?
6
What is the units digit of 17189?
9
What is the hundreds digit of 9853?
8
What is the thousands digit of 10535?
0
What is the hundreds digit of 14419?
4
What is the tens digit of 2008?
0
What is the units digit of 9914?
4
What is the ten thousands digit of 15341?
1
What is the units digit of 33660?
0
What is the ten thousands digit of 10138?
1
What is the ten thousands digit of 10587?
1
What is the thousands digit of 12342?
2
What is the units digit of 2176?
6
What is the hundreds digit of 16315?
3
What is the ten thousands digit of 23242?
2
What is the units digit of 43205?
5
What is the units digit of 2267?
7
What is the ten thousands digit of 20444?
2
What is the hundreds digit of 11901?
9
What is the ten thousands digit of 45534?
4
What is the thousands digit of 1985?
1
What is the hundreds digit of 21778?
7
What is the ten thousands digit of 19437?
1
What is the tens digit of 1073?
7
What is the units digit of 623?
3
What is the thousands digit of 71932?
1
What is the tens digit of 823?
2
What is the thousands digit of 8002?
8
What is the thousands digit of 73878?
3
What is the thousands digit of 10376?
0
What is the thousands digit of 9877?
9
What is the hundreds digit of 8231?
2
What is the hundreds digit of 25386?
3
What is the units digit of 7810?
0
What is the units digit of 68652?
2
What is the tens digit of 7929?
2
What is the units digit of 829?
9
What is the units digit of 17095?
5
What is the tens digit of 6819?
1
What is the thousands digit of 8059?
8
What is the tens digit of 63?
6
What is the units digit of 1393?
3
What is the hundreds digit of 5316?
3
What is the ten thousands digit of 13942?
1
What is the tens digit of 8050?
5
What is the hundreds digit of 911?
9
What is the units digit of 30277?
7
What is the tens digit of 727?
2
What is the units digit of 366?
6
What is the hundreds digit of 5887?
8
What is the tens digit of 44236?
3
What is the units digit of 1118?
8
What is the tens digit of 28258?
5
What is the ten thousands digit of 77689?
7
What is the thousands digit of 8232?
8
What is the hundreds digit of 8303?
3
What is the hundreds digit of 3631?
6
What is the units digit of 136550?
0
What is the thousands digit of 1108?
1
What is the ten thousands digit of 27243?
2
What is the units digit of 5752?
2
What is the hundreds digit of 2179?
1
What is the hundreds digit of 44717?
7
What is the thousands digit of 49567?
9
What is the units digit of 1236?
6
What is the units digit of 24721?
1
What is the hundreds digit of 845?
8
What is the tens digit of 974?
7
What is the thousands digit of 24089?
4
What is the units digit of 741?
1
What is the tens digit of 16304?
0
What is the units digit of 7035?
5
What is the thousands digit of 14534?
4
What is the tens digit of 1095?
9
What is the tens digit of 53743?
4
What is the tens digit of 832?
3
What is the units digit of 30748?
8
What is the hundreds digit of 6489?
4
What is the thousands digit of 10655?
0
What is the hundreds digit of 4759?
7
What is the thousands digit of 21142?
1
What is the tens digit of 3717?
1
What is the hundreds digit of 6398?
3
What is the thousands digit of 7195?
7
What is the tens digit of 63864?
6
What is the thousands digit of 3123?
3
What is the units digit of 3134?
4
What is the hundreds digit of 50867?
8
What is the hundreds digit of 4908?
9
What is the units digit of 2281?
1
What is the thousands digit of 1801?
1
What is the units digit of 67318?
8
What is the tens digit of 5228?
2
What is the tens digit of 3831?
3
What is the tens digit of 1990?
9
What is the tens digit of 1455?
5
What is the units digit of 5728?
8
What is the units digit of 35296?
6
What is the hundreds digit of 38995?
9
What is the tens digit of 5608?
0
What is the tens digit of 1821?
2
What is the hundreds digit of 1825?
8
What is the tens d